2
Evaluate 17 + (-7 - -43) + (248 - 179).
122
What is -215 - -200 - (4 - (6 - -49))?
36
61 + -43 + -36 + 60 + 12
54
Calculate -5 - (-1 - -1) - (105 - 114 - (-1 - 8)).
-5
Evaluate -18 + -14 + 21 + (-1 - (-4 - -2)).
-10
What is the value of (40 - 9) + 8 + 13 + -11?
41
-76 + 1 + -3453 + 3604
76
What is -73 - (-110 - 33) - 99?
-29
Calculate -6 + 15 + (6 - 54 - -9) - 4.
-34
Evaluate -186 + 154 - (10 + -11).
-31
Evaluate 7 - (6 + -17 + -9 + 20 - -1).
6
Calculate -4 - (24 - 19) - (22 - -7).
-38
Evaluate 13 + (99 - (3 + 91)).
18
What is 7 + (8 - 8) + (2 - (2 - 44))?
51
Evaluate -2 - (-1 - 16) - (-17 + 27) - (-8 - 2).
15
What is 54 - (-15 + (-10 - -1 - (264 + -281)))?
61
Evaluate 92 + -71 + 21 + -14.
28
40 - ((50 - 41) + -11)
42
What is the value of -13 + 3 + 18 + (7 - 85)?
-70
Evaluate 81 - 226 - -31 - -29.
-85
What is (-18 - -49 - 41) + (33 - -14)?
37
What is (0 - 13) + 22 - -10 - -21?
40
Evaluate 99 + (-49 - (-8 - -15)).
43
Evaluate 64 - (18 - (16 - (-24 - -24))).
62
-1 + 1 + -1 + 9 + -34 + (78 - 42)
10
Evaluate -11 + (-11 - (6 + -14) - -1) + -102.
-115
What is (6 - (-3 - -6)) + -80 + 38 + -11 + -17?
-67
What is the value of 4 + -12 + 58 + (1 - -6) + -12 + 1?
46
What is the value of (1 - -147) + -16 - (12 - 2 - -13)?
109
What is the value of 43 - (24 - (-111 - -74))?
-18
What is the value of 0 + 59 + 9 + 16 + -36?
48
What is the value of 1 + 1 + -424 + 420?
-2
What is 32 + -50 + (20 - (17 - 5))?
-10
(2 + (11 - 10) + -10 - -45) + (3 - 1)
40
What is 4 - (-3 + 52 - 37)?
-8
Calculate (81 - 2) + 658 + -703.
34
What is (108 - 0) + -1 - (1858 + -1828)?
77
What is (2 - (4 + 0)) + (51 - (23 - -5)) + -42?
-21
Evaluate 76 + (-29 + 50 - 46 - -11).
62
Calculate 185 - 208 - (1 - 22) - 12.
-14
What is the value of 61 - (-23 - -112) - -18?
-10
Evaluate 22 - -2 - (12 + -31 + 7).
36
What is (22 + -4 + -28 - 23) + -14?
-47
Evaluate (-6 - 1) + (153 - (-176 + 338)).
-16
Calculate -19 + -1 + (4 - (12 - 13)).
-15
Calculate -3 + 36 - 55 - (-12 - -1).
-11
What is 105 - 99 - (9 - -1) - (-3 - 44)?
43
Calculate 53 + 59 + -64 + -51.
-3
Calculate -68 - 12 - -85 - -107.
112
Evaluate (57 - -23) + -80 + 59.
59
What is 24 - -53 - 2 - 8?
67
What is the value of -40 - 6 - ((-12 - 8) + 6 + 7)?
-39
(-626 - -634 - (0 + 3)) + 1
6
(-3 - 102 - 0) + (-8 - 19 - -53) + -19
-98
What is (0 - 144) + (311 - 231)?
-64
What is the value of 3 + 7 + (41 - (53 - -16))?
-18
Calculate -12 - ((-18 - -34) + 2 + 1).
-31
Calculate 41 - (18 + -52 + 28 - (0 + 2 - -4)).
53
1 + (-1135 - -1111) + 67 + -2
42
What is the value of -17 + 37 - -48 - (70 + -60)?
58
Calculate 5 - ((18 - (-29 + 13 - -56)) + -56).
83
What is the value of (-10 - (12 + -5 - 8)) + (51 - 59)?
-17
Calculate 2 - 6 - -74 - (-3 + 9 + 7).
57
What is -45 - -34 - 13 - -2?
-22
Calculate (0 - (-1 + -80)) + (-3 - (139 + -125)).
64
Evaluate 47 + (6 - 3) + (7 + -6 - -9).
60
Calculate -111 + (0 - 2) - 1 - (-51 + -54 + 104).
-113
What is 0 + -5 + 25 + 22 + -16 + (1 - 21)?
6
What is -9 + (-10 - (0 - (12 - 3))) + 5?
-5
Calculate (-3 + -6 - -3 - -2) + (24 + -19 - -21).
22
What is (53 + 55 - 128) + 1 + -4?
-23
What is the value of (4 - (22 + -36)) + -4 + -55?
-41
What is the value of 124 + -91 + 37 + -127?
-57
69 + (-105 - 13) + 28
-21
Calculate 87 + 114 + -65 + -39.
97
(4 - (4 + 2) - (-7 + -9)) + 8
22
Calculate -2 + (4 - 2 - 14) + 15 + -22.
-21
Calculate 107 - 119 - (-1 - 9 - (1 + -8)).
-9
Evaluate (-33 + -1 - (-8 + 10 - 0)) + -14 + 13.
-37
Evaluate -7 - (11 - -27 - 7 - (0 + 5)).
-33
Evaluate (84 - 112 - -32) + (0 + -3 - (-2 - 2)).
5
Calculate 15 - (-47 + 23 + -12) - 3.
48
What is the value of -3 + (1 - 0) + 10 + 5032 + -5008?
32
Evaluate 24 - 5 - (-8 - (11 - 19)).
19
Evaluate -44 + 220 + -52 + 30 + -4.
150
What is (-19 - (-34 + 16 + -6)) + -9?
-4
-104 + 62 + (14 - (-7 + 0))
-21
What is 42 - (37 + -39) - 40?
4
Evaluate -63 - (0 + 5 + -19 + 5).
-54
-26 - (5 + -78) - 168 - 30
-151
What is (-162 - (-143 - -144)) + 143?
-20
Calculate (-61 - ((-51 - -31) + 5 + 6 - 0)) + -6.
-58
(0 - -17) + -2171 + 2143
-11
Calculate 3 + -275 + 290 + (-1 - 2).
15
What is the value of 28 - (0 + 25 + -45)?
48
Calculate -23 + (-12 - (-53 - -10)) + (-156 - -4 - -1).
-143
What is 75 + (19 + -36 - (1 + -7 + 0))?
64
What is the value of -7 - (20 + -10 - 1) - (-6 + -53)?
43
Evaluate 7 - (-1 - -3 - (-5 - 4) - 6).
2
Evaluate -301 + 121 + -14 + 101.
-93
What is the value of -63 - 6 - (-146 - -26)?
51
Evaluate -3 - (-9 - (-21 + 3 + 22)) - -13.
23
(-3 - 1 - ((60 - -3) + -81)) + 55
69
What is the value of -2 - (-1 + 0 + (60 - (2 + (0 - 3))))?
-62
Evaluate (1 + -10 - -65 - 6) + (-9 - (-6 + 6)).
41
(-2 + -4 - (-27 + (6 - -5))) + 34 + -2
42
(9 - -5) + 1 + (-4 - (-18 - -11))
18
125 + (-61 - (62 - 61))
63
Calculate -33 - -1 - (-16636 - -16558).
46
Calculate 18 - (3 - -31) - (4 - (2 + 3)).
-15
What is (-34 - (-9 + 36)) + (-1 - -7)?
-55
Calculate (13 - (17 + -34)) + -47.
-17
Evaluate 1 + ((6 - ((4 - 1) + -1)) + 3 - 3).
5
(91 - 126) + -10 + (9 - 6)
-42
Evaluate 291 + -419 + 2 + 12 + (-1 - -1) + 8.
-106
What is -69 - -2 - (337 + -381)?
-23
Evaluate -13 - (0 - 11 - (38 + -83)).
-47
Calculate -3 + (1 - -1) + (-60 - (14 - 13)) + -8.
-70
What is the value of -29 + 41 - ((13 - -2) + -3) - 40?
-40
Evaluate 445 + -450 - ((7 - 3) + -5 - 3 - 0).
-1
What is the value of -31 - (17 + 6) - (-4 - 7 - -2)?
-45
-2 + -2 - (88 + -83) - ((-8 - -18) + -104)
85
What is (-1 - -2) + -6 - (25 - 22 - 30 - -94)?
-72
Calculate 25 - (25 + -6) - 9.
-3
Evaluate -4 + (36 - (-7 + -26 + 42)) + -70.
-47
What is 20 + 3 + -1 + 467 + -459?
30
Evaluate -63 + (-11 - (8 + (-7 + -5 - -3)) - -16).
-57
What is the value of -12 + 146 - (-829 + 960)?
3
21 - (-2 - ((61 - 48) + (2 - 29)))
9
Evaluate -18 + -29 + 5 + (13 - -94).
65
-5 - (33 - (4 + -7))
-41
Calculate (-6 - -2) + -20 - (23 - (-26 - -38)).
-35
What is the value of -60 + 22 + (82 - 64)?
-20
Evaluate -201 + 313 + -34 + -4 + 1.
75
Calculate -7 + 10 + 19 + -3 - 21.
-2
Calculate -206 - -201 - (-86 - (2 - (2 + 8))).
73
Evaluate (84 - (192 + -20)) + 50.
-38
What is -2 + 1 - (-1459 - -1432)?
26
-37 + (153 - 93) + -16
7
Calculate 710 + -725 + (3 - -48).
36
What is 87 + 51 + -88 + 20?
70
Evaluate -58 - -1 - (-6144 - -6105).
-18
Evaluate 2 + (7 + -6 - ((6 - (-6 + 9)) + 6)).
-6
Evaluate 37 - (9 - (-18 + 17 - 10)).
17
What is the value of -4 + -23 + -29 + 36 - -72?
52
What is -10 + -114 + (13 + 8 - 18 - 5)?
-126
What is -7 + -34 + 101 + 28?
88
Calculate (45 - 25 - 37) + 108.
91
What is -4 + -33 + 41 + -51?
-47
Evaluate 15 + (-4 - 70) - -5.
-54
What is 348 + -366 + (0 - (1 + 1)) + 131?
111
Calculate 5 - (58 + 1 + -12 + 5 + 0 + -4).
-43
What is (-9 - -3) + (16 + 1 - 25) - 6?
-20
69 - ((41 - 27) + 39)
16
Calculate 21 - -1 - (131 + -66 + -15).
-28
Evaluate -17 + 8 + (-2 + 7 - (1 + 4)).
-9
What is 2788 + -2757 - (76 + -2)?
-43
-874 + 786 - (2 + -152)
62
Evaluate 9 + -2 + (-5 - (-5 + (51 - 18))).
-26
Calculate 29 + (-97 + 51 - -17).
0
1 - 0 - (18 + (-8 + 23 - (-4 - -27)))
-9
Evaluate -8 - (12 - (20 + 2) - -26).
-24
What is -24 - (-27 - 53 - -88)?
-32
17 - (117 + (-19 - 147))
66
Evaluate (-27 - -8 - 12) + -16 + 23.
-24
-59 - (-16 + (1 + 2 - 2) + (9 - 3))
-50
What is (-6 + 52 - 40) + -19?
-13
2 + -46 + (-18 - (-14 - (5 + 0 + -11)))
-54
Calculate (25 - -2) + (-8 - (-125 + 70)).
74
Evaluate -31 - (-19 + (5 - -2)) - -38.
19
What is the value of 0 - (0 + -4) - (-66 + -14 + 19 + -2)?
67
-1 + 2 + 7 - (5 + 64 + -65)
4
(-3 - -6) + -1 + -48 - (-43 + -52 + 103)
-54
What is the value of (-2 - -113) + -2 - (-2079 - -2119)?
69
-9691 + 9789 + (28 - -2)
128
16 - 104 - (435 + -504)
-19
What is 178 - (36 - -70 - 17)?
89
Calculate -7 + 97 + -101 + (-11 - (1 - 0)).
-23
What is the value of 1 + -112 - (-321 + 256)?
-46
Calculate (3 - -5) + -3 + (708 - 752).
-39
What is 7 + -40 + (33 - -3) + -27?
-24
What is (-3 - -12) + -142 + 127 - 11?
-17
Evaluate (28 - (28 + -27 + 89)) + (-2 - -9).
-55
What is the value of 13 - (-30 + -25 + 63 - (-2 + -78))?
-75
What is the value of 0 - -19 - (152 - 385 - -213)?
39
((1 - 0) + -4 - (-5 + 0)) + 140 + -76
66
What is 4 - 38 - (-97 - -92)?
-29
Calculate (24 - 13) + (47 + -13 - (-1 - -5)) - -15.
56
Evaluate -79 - (-90 + -29) - (27 + 1).
12
Calculate (11 - 26) + 14 + 25 + 51.
75
3 + -22 + -7 + 5 + -8 + 12 + -11
-28
Evaluate 20 + 6 + -13 + 7.
20
Evaluate -7 + -35 + (-21 - -68) + 1 + 12.
18
Calcu